.
-8
Let s(d) = 18*d + 29. Calculate s(2).
65
Let s(x) = 26*x**2 + 137*x + 138. Calculate s(-4).
6
Let j(a) = 2*a**3 - 39*a**2 - 74*a + 155. Calculate j(21).
-76
Let y(b) = b**3 - 27*b**2 + 59*b - 214. Determine y(25).
11
Let t(h) = 37*h - 106. Give t(2).
-32
Let f(n) = n**3 - 11*n**2 - 88*n + 783. Give f(13).
-23
Let k(t) = t**3 - 41*t**2 + 45*t - 54. Calculate k(40).
146
Let o(x) = -5*x**2 + 74*x - 201. Calculate o(11).
8
Let n(y) = 14*y**2 - 69*y - 81. Determine n(-1).
2
Let m(a) = -a**3 - 16*a**2 + 13*a - 9. Give m(-16).
-217
Let b(j) = -91*j**2 - 1728*j + 12. Calculate b(-19).
-7
Let z(d) = 4*d**3 - d**2 - 48*d - 47. Calculate z(-1).
-4
Let p(o) = -o**3 + o**2 + 46*o - 11. Calculate p(7).
17
Let z(d) = d**2 + 21*d - 248. Give z(8).
-16
Let h(d) = d**2 - 696*d + 81905. Give h(150).
5
Let f(n) = -25*n**2 + 47*n - 46. What is f(1)?
-24
Let a(s) = s**2 + 986*s + 3932. Give a(-4).
4
Let d(k) = 8*k**2 + k + 55. Give d(5).
260
Let v(p) = p**2 - 40*p - 312. Determine v(48).
72
Let x(g) = -g**3 + 32*g**2 - 120*g + 46. What is x(28)?
-178
Let h(v) = -7*v**2 - 53*v + 16. Calculate h(-9).
-74
Let a(l) = 25*l + 143. What is a(-9)?
-82
Let x(h) = 72*h - 864. Calculate x(12).
0
Let l(o) = 76*o - 269. Give l(3).
-41
Let s(n) = 8*n + 11. What is s(14)?
123
Let u(k) = -445*k - 4. Determine u(0).
-4
Let z(i) = 431*i - 2771. What is z(7)?
246
Let k(s) = -494*s**2 - 1467*s + 7. What is k(-3)?
-38
Let s(c) = -5*c**2 - 134*c + 34. What is s(-26)?
138
Let v(k) = 13*k**3 - 9*k**2 + 23*k - 102. Determine v(4).
678
Let w(s) = s**3 + 16*s**2 - s - 22. Calculate w(-16).
-6
Let u(d) = -12*d**2 - 30*d + 264. Give u(-6).
12
Let d(g) = -2*g**2 - 9*g + 42. Determine d(-7).
7
Let j(v) = -2*v**3 - 26*v**2 + 11*v + 17. What is j(-13)?
-126
Let l(d) = 4*d**2 + 99*d - 157. What is l(-28)?
207
Let s(l) = -2*l**3 - 13*l**2 - 35*l - 212. Calculate s(-6).
-38
Let b(s) = 39*s + 1716. Calculate b(-44).
0
Let q(m) = -9666*m + 96652. What is q(10)?
-8
Let l(q) = q**3 - 4*q**2 - 3*q - 56. Determine l(6).
-2
Let t(f) = f**3 + 21*f**2 - 288*f - 6037. What is t(-21)?
11
Let m(o) = -11*o - 258. Determine m(-22).
-16
Let d(c) = -c**3 - 9*c**2 + 16*c - 54. Calculate d(-11).
12
Let y(i) = -i**3 - 21*i**2 + 42*i + 25. Calculate y(-23).
117
Let c(p) = 10*p + 135. Give c(-5).
85
Let j(u) = -2*u - 51. What is j(-4)?
-43
Let n(i) = 42*i**2 - 417*i - 8. Calculate n(10).
22
Let x(i) = i**3 + 10*i**2 - 8*i + 29. Determine x(-11).
-4
Let h(k) = k**3 - 34*k**2 - 1080*k - 31. Calculate h(-20).
-31
Let r(j) = 2*j**2 - 450*j + 10688. Calculate r(198).
-4
Let n(k) = 11*k - 349. Determine n(3).
-316
Let g(x) = -2*x**2 - 19*x + 39. Determine g(-14).
-87
Let d(x) = 17*x**2 + 13*x + 46. Give d(-3).
160
Let a(f) = -f**3 - 11*f**2 - 34*f + 1. What is a(-8)?
81
Let u(j) = -2*j**2 - 14*j - 8. Calculate u(-13).
-164
Let s(w) = -5*w**2 - 11*w + 52. What is s(3)?
-26
Let k(l) = 10*l**3 + 244*l**2 + 96*l - 3. What is k(-24)?
-3
Let v(t) = -t**2 - 36*t - 8. Calculate v(-39).
-125
Let l(z) = 915*z - 7339. Give l(8).
-19
Let y(d) = 32*d + 93. What is y(-3)?
-3
Let j(y) = -348*y - 20828. Calculate j(-60).
52
Let q(i) = -2*i**3 - 14*i**2 - 20*i - 5. Calculate q(-2).
-5
Let u(d) = 63*d + 67. What is u(-4)?
-185
Let u(q) = 2*q**2 - 532*q + 35346. Determine u(137).
0
Let i(h) = h**3 + 24*h**2 + 2*h + 35. Calculate i(-24).
-13
Let q(p) = p**3 + 24*p**2 - 4*p + 46. Give q(-24).
142
Let t(p) = -2*p**2 + 81. Calculate t(6).
9
Let v(h) = 123*h + 1225. Give v(-10).
-5
Let t(d) = 98*d - 695. Give t(7).
-9
Let t(d) = 2*d**3 + 3*d**2 - 21*d + 40. Calculate t(2).
26
Let q(j) = 2*j**2 + 69*j + 319. What is q(-29)?
0
Let a(j) = 2*j**2 + 37*j - 275. Determine a(6).
19
Let c(x) = -887*x - 16844. Give c(-19).
9
Let z(d) = -69*d + 1570. Give z(22).
52
Let c(d) = d**3 + 43*d**2 + 136*d + 7926. What is c(-44)?
6
Let f(p) = -p**3 - 59*p**2 - 212*p + 448. Give f(-55).
8
Let a(n) = n**3 - 3*n**2 - n - 57. Determine a(7).
132
Let w(k) = -647*k - 654. Calculate w(-1).
-7
Let f(b) = -2*b**2 + 31*b - 92. Give f(18).
-182
Let b(w) = 88*w - 270. Give b(6).
258
Let s(n) = -4*n**3 + 42*n**2 - 14*n - 52. Give s(10).
8
Let r(u) = 4*u**2 - 24*u + 12. Calculate r(5).
-8
Let o(i) = i**3 - 144*i**2 - 1699*i - 3. Determine o(-11).
-69
Let b(o) = 2*o**2 + 8*o - 12. Calculate b(-4).
-12
Let c(b) = 8*b**2 - 186*b + 42. Give c(23).
-4
Let x(o) = o**3 + 11*o**2 - 173*o + 10. Give x(-20).
-130
Let t(z) = -z**3 - 68*z**2 - 1152*z - 177. Determine t(-37).
8
Let y(u) = 4*u**3 - 10*u**2 + 7*u + 7. Determine y(2).
13
Let g(t) = -73*t**2 - 49*t + 46. Calculate g(1).
-76
Let n(h) = 7*h - 227. What is n(37)?
32
Let z(q) = q**2 + 10*q - 146. What is z(-11)?
-135
Let x(g) = -4*g**3 + 438*g**2 - 1484*g + 8. What is x(106)?
8
Let v(z) = -9448*z - 151173. Calculate v(-16).
-5
Let q(a) = 14706*a - 88235. Calculate q(6).
1
Let y(o) = 2*o**3 - 370*o**2 + 9*o - 1616. Give y(185).
49
Let c(d) = 1247*d + 11182. Calculate c(-9).
-41
Let w(r) = 52*r - 2. Calculate w(0).
-2
Let p(v) = 6*v**3 + 19*v**2 + 4*v + 16. Determine p(-3).
13
Let y(n) = 218*n - 1531. What is y(7)?
-5
Let n(v) = 36*v - 1390. Determine n(39).
14
Let c(v) = -48*v + 57. Calculate c(3).
-87
Let t(w) = 176*w - 2510. Determine t(10).
-750
Let p(g) = -532*g - 4771. Determine p(-9).
17
Let w(l) = -112*l - 4514. Calculate w(-38).
-258
Let o(a) = 87*a - 7839. Calculate o(90).
-9
Let v(f) = 30*f**3 - 91*f**2 + 10*f - 10. Determine v(3).
11
Let r(l) = -20*l + 1842. Determine r(92).
2
Let c(m) = -6*m**2 - 136*m - 213. What is c(-24)?
-405
Let b(o) = o**2 - 207*o - 1981. Determine b(-9).
-37
Let y(l) = 18*l + 142. Calculate y(-4).
70
Let w(v) = 2*v**2 + 33*v + 80. What is w(-8)?
-56
Let w(f) = 223*f - 1342. Give w(6).
-4
Let d(a) = -a**2 - 29*a - 204. Give d(-15).
6
Let r(g) = -g**2 + 23*g - 17. Calculate r(17).
85
Let c(b) = b**2 + 19*b + 15. Calculate c(-20).
35
Let l(p) = 1712*p - 11987. What is l(7)?
-3
Let a(q) = -32*q**3 - 28*q**2 - 28*q - 8. What is a(-2)?
192
Let b(r) = 21*r - 62. What is b(3)?
1
Let q(m) = 1374*m - 8388. Calculate q(6).
-144
Let n(c) = 2*c**3 - 283*c**2 + 695*c - 9. Calculate n(139).
-9
Let q(p) = 71*p**3 + p**2 - p - 1. Determine q(1).
70
Let m(u) = -22*u + 193. Give m(11).
-49
Let a(p) = -429*p + 2130. Give a(5).
-15
Let q(v) = -1038*v + 28024. Give q(27).
-2
Let h(k) = 18*k**2 - 2322*k + 11160. What is h(5)?
0
Let j(m) = -68*m + 1001. Give j(14).
49
Let s(i) = -3367*i - 13462. Determine s(-4).
6
Let a(b) = 2*b**3 + 29*b**2 - 6*b - 213. Give a(-14).
67
Let f(d) = 60*d + 136. Determine f(-3).
-44
Let n(i) = 604*i + 3543. Give n(-6).
-81
Let m(w) = 404*w - 2821. Calculate m(7).
7
Let m(w) = -14*w**2 + 388*w + 215. Calculate m(28).
103
Let c(h) = 288*h - 1629. Give c(5).
-189
Let a(u) = 5545*u - 61003. Determine a(11).
-8
Let m(n) = 28*n**2 - 44*n - 4. Calculate m(4).
268
Let u(r) = r**3 + 34*r**2 + 282*r + 49. Calculate u(-14).
21
Let b(t) = t**3 - 15*t**2 - 85*t + 1254. Give b(15).
-21
Let p(f) = f**3 + 72*f**2 + 433*f + 2442. Determine p(-66).
0
Let h(w) = w**3 - 11*w**2 - 2*w - 5. What is h(6)?
-197
Let k(m) = 5*m**3 - 24*m**2 - 5*m + 64. Determine k(4).
-20
Let w(i) = i**2 + 16*i - 153. Determine w(-23).
8
Let i(z) = 7*z + 744. What is i(-107)?
-5
Let r(d) = -5*d + 311. Calculate r(36).
131
Let y(x) = 5*x + 95. Calculate y(-19).
0
Let p(y) = 317*y + 4761. Give p(-15).
6
Let r(p) = 4*p**2 - 137*p - 24. Give r(35).
81
Let o(x) = -9*x**3 + 4*x**2 - 11*x - 2. What is o(2)?
-80
Let f(p) = -45*p - 751. Give f(-17).
14
Let x(t) = 146*t + 2190. Calculate x(-15).
0
Let p(o) = 2*o**2 + 63*o + 477. What is p(-14)?
-13
Let j(o) = o**2 + 13*o + 28. Give j(-8).
-12
Let s(t) = -t**3 - 24*t**2 - 116*t + 15. Calculate s(-7).
-6
Let l(a) = -a**2 + 66*a + 143. Calculate l(63).
332
Let j(r) = -r**3 - 3*r**2 - 7*r - 46. What is j(0)?
-46
Let s(i) = -12*i**2 - 60*i - 12. Give s(-5).
-12
Let t(d) = 96*d**2 - 97*d - 194. Determine t(-2).
384
Let c(g) = 513*g + 10252. What is c(-20)?
-8
Let m(w) = -w**2 - 67*w - 333. Determine m(-60).
87
Let g(a) = -997*a + 25924. Determine g(26).
2
Let b(m) = -6*m**2 - 144*m - 92. Calculate b(-24).
-92
Let q(g) = -4*g**2 + 15*g + 81. Calculate q(-4).
-43
Let s(z) = z**2 - 4*z - 18. Calculate s(16).
174
Let j(b) = -2*b**2 - 61*b + 975. Give j(-42).
9
Let y(v) = -13*v**3 + 2*v**2 + 12*v 